ns digit of y?
1
Suppose -10*o - o + 1386 = 0. What is the hundreds digit of o?
1
Suppose -13*n + 2310 = 412. What is the units digit of n?
6
Suppose -2*w = -5*o - 22, -2*w + 6*w + 3*o - 18 = 0. What is the units digit of (-462)/(-36) - (-1)/w?
3
Let j be ((-1)/2 - -1)*0. Let t be j/((-2)/2 - 0). Suppose 3*d + 2*p - 19 = t, 3*p - 18 = -d - 0*d. What is the units digit of d?
3
Suppose 3*v + 30 = 2*v. What is the units digit of (-2)/4 + v/(-4)?
7
Let r be -2 - (0 - 44/4). What is the tens digit of (r/4)/(6/72)?
2
Suppose -4*x + 2*x + 28 = -4*p, -5*p = -4*x + 44. Let z = x - 3. What is the units digit of (z/2)/((-3)/(-20))?
0
Let p(x) = -x**3 + 11*x**2 - x + 14. Let d be p(11). Suppose 20 = d*j + 8. What is the units digit of j?
4
Let t = -9 + 15. Suppose d = -d + t. What is the units digit of d?
3
Suppose -5*n = 2*x + 17 - 452, x - 4*n - 185 = 0. What is the units digit of x?
5
What is the tens digit of 72/20*(-45)/(-2)?
8
Let v = -5 + 7. Suppose v*w + 0 + 11 = 5*x, 4*w - 14 = -2*x. Suppose r - w = 3. What is the units digit of r?
5
Let w = 25 - 9. What is the units digit of w?
6
Let w(q) = q**2 - q - 4. Let y be w(3). Let x(k) = 10*k**2 + k + 1. Let j be x(-1). Suppose -y*r + 0*r + j = 0. What is the units digit of r?
5
Let i = -20 - -79. What is the units digit of i?
9
Let x = 10 - 9. What is the units digit of x*-3*(-14)/6?
7
Let c be -1 + 2 + (1 - 2). Let r(u) = u**2 + u + 52. Let m be r(c). Suppose -5*t + 28 = 5*a - 17, -4*a = -4*t - m. What is the tens digit of a?
1
Suppose 10 + 60 = 5*c. Suppose -3*o + c = -16. What is the units digit of (-2)/o + 32/10?
3
Let h(b) = b + 4. Let f be h(0). Suppose -u + 31 = f*g, 3*g + 2*u = -u + 12. What is the units digit of g?
9
Let p be 1 + (-1 + 2)*1. Suppose 1 = -2*s + 3, p*u + 4*s - 16 = 0. What is the units digit of u?
6
Let x(k) = -5*k + 1 + 6*k + k**2 + 6*k**3 - 2*k**3 - 2. What is the units digit of x(1)?
5
Let h be ((-26)/(-5))/(1/(-5)). What is the units digit of (-3)/(-1*(-6)/h)?
3
Suppose -5*x = -0*x. Suppose x = -4*c + 2*d + 28, -c = 5*d + 3 + 1. Let m = 11 - c. What is the units digit of m?
5
Let p(n) = n + 5. Let a be p(4). Let i = a - 5. Suppose -4*s + 3*f = -34, i*s - f = s + 28. What is the units digit of s?
0
Suppose 3*j = z - 341, 3*j - 696 = -2*z + 2*j. What is the units digit of z?
7
Suppose k = -5*t + 29, 3*t - 13 - 10 = -2*k. Suppose -2*p + p + 2 = -2*s, t*p - 3*s = 45. Let x = p - 8. What is the units digit of x?
4
Suppose 2*b - 2*a - 15 = -5*a, 4*b = -4*a + 24. Let c be b/2*(1 - -1). Suppose -c*i - 33 = -84. What is the units digit of i?
7
Let p = 44 - -207. What is the units digit of p?
1
Suppose 3*z + 10 = -2*z - 4*l, 4*z + 4*l + 12 = 0. Suppose -7 = 2*y - 3, z*x - 46 = 2*y. What is the units digit of x?
1
Suppose -2*v = -3*m - 125, -3*v + m = -2*v - 62. Let r = 103 - v. What is the units digit of r?
2
Let i be (-4*1)/4 - -4. Suppose 2*b = y + 31, -i*y + 4 = y. What is the units digit of b?
6
Suppose -z + 61 + 5 = 0. Suppose 3*o - z = -3*w + 3, -5*o = w - 19. What is the units digit of w?
4
Let z(h) = 188*h - 8. What is the units digit of z(1)?
0
Let c be 1/(-3 - (-10)/3). Suppose g = 3*t + 2*g - 23, -38 = -c*t - 4*g. Suppose -o + 2*z = -12, -t*z - 25 = -2*o - z. What is the tens digit of o?
1
Suppose 0 = 2*z + 2*z - 16, -5*d = -3*z - 58. What is the units digit of d?
4
Let r = -11 - -11. Suppose 16 = d + 3*v, -d - v + 2*v + 4 = r. What is the units digit of d?
7
Let d(l) = -l**2 - 5*l + 6. Let b be d(-5). Suppose -3*f + b*f + 3 = 0. Let i = f - -9. What is the units digit of i?
8
Suppose 198 = -3*v + 9*v. What is the tens digit of v?
3
Let d(b) = b**3 + 9*b**2 - 11*b - 13. Let n be d(-10). What is the units digit of (4/(-6))/(2/n)?
1
Let m(d) = -21*d**3 + 3. What is the tens digit of m(-2)?
7
Let o be 12/18*(1 - 40). Let h be 1*o/(0 - 1). Let t = h + -9. What is the tens digit of t?
1
Let o(b) be the second derivative of b**5/10 - b**4/6 + b**3/3 - b**2/2 + 25*b. Let n = 2 + 0. What is the units digit of o(n)?
1
Let u = 12 - 10. Suppose 2*a - u - 26 = 0. What is the units digit of a?
4
Suppose -2*q = 2*q + 4. Let m be q + (1 - 1) + 6. Suppose -15 = -m*x - t, 8 - 26 = x - 4*t. What is the units digit of x?
2
Let g be (-2 - -3) + 0 - 1. Let l be 9 - (g + -2)/(-1). Let v = l - -11. What is the units digit of v?
8
Let n = 36 + 27. What is the units digit of n?
3
Let x(d) be the second derivative of d**5/20 - 7*d**4/6 - 5*d**3/2 + 7*d**2/2 - d. What is the units digit of x(15)?
7
Let t(i) = 2*i**2 - 12*i - 3. Let n be t(9). Let v = n + -19. What is the tens digit of v?
3
Let h be 147 - (0 + 5 + -3). Suppose i - h = -4*i. What is the tens digit of i?
2
Suppose 3*w + 0*w = -h + 250, 3*h - 78 = -w. What is the units digit of w?
4
Suppose 5*p = p + 5*l - 4, 4*l = -5*p + 36. Suppose -h + p + 7 = 0. What is the units digit of h?
1
What is the units digit of 7/(-21) + 705/9?
8
Let z(j) = -j**2 - 3 + 2 + 8*j**2 + 2*j. Let k be z(1). Let f = k - 5. What is the units digit of f?
3
Let a = -44 + 41. Let q(f) = 2*f + 6. Let v be q(-4). What is the tens digit of v*(-33)/6 - a?
1
Let i(a) = a**2 - 4*a - 3. Let z be i(5). What is the units digit of z*(4 + -1)*1?
6
Suppose -5*k = -0*k. Suppose k*p = 5*p - 100. What is the units digit of p?
0
Let v(n) = 3*n - 6. Let l be v(-5). Suppose 14*o + 18 = 12*o. Let r = o - l. What is the units digit of r?
2
Suppose 0 = -16*z + 21*z - 75. What is the units digit of z?
5
Let x = 101 + -45. Let t = -40 + x. Suppose 0 = -p - 0*p - 5*f + 21, -3*f = -2*p + t. What is the units digit of p?
1
Let b be 72/(-10)*75/(-6). Suppose 4*s - b = -5*p, -3*s = 2*p - 0*p - 29. What is the tens digit of p?
2
Let w = -1 + -2. What is the tens digit of ((-34)/3)/(2/w)?
1
Let g(q) = q**2 - 3*q - 11. Let h be g(8). Suppose 0 = -3*p - h + 74. Suppose -5*y = -0*y - p. What is the units digit of y?
3
Suppose -2*p - 12 = 4*g, 5*p - 3*g + 5*g = -38. What is the units digit of 3/(-12) - 154/p?
9
Let o = 6 + -4. Suppose o*r - 10 = 3*r. What is the units digit of (-18)/r + 4/20?
2
Let w = -17 - -18. What is the units digit of w?
1
Let l(v) = v - 3. Let o = 2 - -5. What is the units digit of l(o)?
4
Let v = -56 + 123. What is the units digit of v?
7
Suppose 2*r = 5*r. Suppose 351 = -0*z + 3*z - 3*a, r = 2*z + a - 234. What is the units digit of (-2)/(-8) - z/(-12)?
0
Let s = -2 + 5. Let f be (6/(-4))/((-9)/60). Let g = f - s. What is the units digit of g?
7
Suppose 3*m = 4*m - 2. Suppose 2 = -5*o - m*j - 1, 3*j - 2 = -o. What is the units digit of 2/(-1) + 4 + o?
1
Let d be 4 - (-1)/(1 - 0). Suppose -d*j + 16 + 24 = 0. What is the units digit of j?
8
Let p = 105 + -47. What is the units digit of p?
8
Let b = -2 - -5. Suppose -6 = 5*t - b*q + 9, t - 15 = -3*q. Let n = t - -1. What is the units digit of n?
1
Let x = -33 + 56. Let m = -6 + x. What is the units digit of m?
7
Let q(x) = -5*x - 1. Let w be q(-1). What is the units digit of (-60)/(-14) - w/14?
4
Let s(o) = 24*o + 3. What is the units digit of s(3)?
5
Suppose -5*b = 2*k - 0 - 3, 2*k - 12 = 4*b. Suppose o + 0*o - k = 0. Suppose -o*s + 19 = -21. What is the units digit of s?
0
Let r(q) = q**2 - q - 13. What is the tens digit of r(-11)?
1
Let t(o) = 8*o**2 + 5*o - 3. Let h be t(3). Suppose h = w + 2*w. What is the tens digit of w?
2
Suppose -5*u + 46 = 4*j, 4*u = j + 11 + 9. Suppose 5*l - n + u*n = 40, 2*l - 2*n - 24 = 0. What is the tens digit of l?
1
Let j = -31 - -86. Let z = j - 32. What is the tens digit of z?
2
Let z = -15 + 16. What is the units digit of (4 - z) + 24 + 3?
0
Suppose 2*f + s - 3*s - 660 = 0, 5*s = 3*f - 988. What is the hundreds digit of f?
3
Let c(p) = -p + 3. Let b be c(3). Suppose b = 3*h - 4 - 11. Let j = 9 - h. What is the units digit of j?
4
Let p(l) = 3*l**2 - 4*l + 2. Let c(g) = -g**3 - 4*g**2 + 4*g - 3. Let n be c(-5). What is the units digit of p(n)?
6
Suppose 27 = 5*a - 13. Let r(u) = u**3 - 8*u**2 + 3*u - 10. What is the units digit of r(a)?
4
Suppose 0 = 4*d + 4*g, -5*d + 0*g = -g + 12. What is the units digit of (-75)/d - (-1)/(-2)?
7
Let w be (-2)/8 + (-26)/(-8). Suppose -3*i + w*y = 4*y - 69, i - 23 = -4*y. What is the tens digit of i?
2
Let h(p) = p**3 + 6*p**2 - p + 4. Let o be h(-6). What is the units digit of (o - 0) + 2*-1?
8
Let y(g) = -g + 7. Let w(z) = -2*z + 14. Let k(v) = -2*w(v) +